 Determine y(n).
34
Let z(w) = -3*w**2 + 7*w - 19. Let l = 28994 - 28987. Calculate z(l).
-117
Let d(t) = 2*t**2 + 5*t - 96. Let v be d(6). Let b(h) = v*h**2 - 9*h**2 - 2*h**2. Suppose 3*f = 5*a - 3*a - 10, -4*a = 3*f - 2. Calculate b(a).
-20
Suppose 2*y = 5*o + 41, 2*o - 5*y + 7*y + 36 = 0. Let j(a) = -1 + 14 + 2*a - 2 + 1. Calculate j(o).
-10
Let q(c) = -c**3 + 5*c**2 + 7*c - 2. Let o(g) = -g - 10. Let z be o(-5). Let y be 22/5 - (-2)/z. Suppose 3*v - 6 = -y*h + 32, -3*v = h - 23. Give q(v).
4
Let f(v) = -v + 6. Let l be f(2). Suppose -r = -l*t - t - 21, 2*r = -3*t - 10. Let q(h) = 6*h - 3*h + 1 + r - 6. Determine q(4).
8
Let w(o) = -o**3 - o + 1. Let l = -77 + 80. Let f(i) = 0 - 2*i**l + 5 - 2*i + 0 - 2*i. Let h(g) = -f(g) + 6*w(g). What is h(1)?
-5
Let g = -3134 + 3127. Let z(f) = -f**2 - 5*f - 1. Calculate z(g).
-15
Let m(p) = 10*p**2 - p**3 + 5 + 0*p**3 + 0*p**2. Let u = 3091 - 3081. Give m(u).
5
Let s be ((-222)/(-111))/(0 + 4)*(-44)/2. Let f(u) be the second derivative of -u**3/3 - 4*u**2 + 2*u. Determine f(s).
14
Let u(r) = -r**3 - 28*r**2 - 25*r + 55. Let y be u(-27). Suppose m = 2*m - 30. Let b(p) = -9*p + 30 - m. Determine b(y).
-9
Let u(q) = 3*q**2 - q + 1 - 2*q + 0*q**2. Let c = 76608 - 76611. What is u(c)?
37
Let j(p) = p**3 - 5*p**2 + 17*p - 11. Suppose 0 = -71*z - 239 + 665. What is j(z)?
127
Let f be (-11)/7 - 2 - (-18)/(-42). Let x(a) = 13*a + 47. Let q be x(f). Let o(r) be the second derivative of r**4/12 + r**3 + 3*r**2/2 - 2*r. Give o(q).
-2
Suppose 3*g = 3*h - 3, 5 = -2*g + 5*h - 3. Let s(u) = -g - 702*u + 5 + 700*u. Calculate s(-4).
12
Suppose 4*y = -5*j, -5*j + 3*y = 16 + 19. Let i(k) = k**2 + 2*k - 5. Let d be i(j). Let w(x) = 35 + 4*x - x**2 - 35. What is w(d)?
3
Let l(k) = -6*k**2 + 14*k - 15. Suppose 3*c - 3*o - 12 = 0, 0 = -3*c + 26*o - 33*o + 22. Calculate l(c).
-95
Let t(n) = -16*n - 5*n + 19*n - 39. Give t(-16).
-7
Let z(i) = -4*i + i - 3*i + 5*i - 10. Let a be (-3)/(-4) - ((-86)/(-8) - 1). Give z(a).
-1
Suppose 342 - 360 = -6*i. Let o(w) = -w**2 + w**i - 2*w**2 + w**2 + w**2 - 4*w**2 + 3*w - 2. Give o(5).
13
Suppose -139 = -9*d + 41. Suppose -42*s = -22*s - d. Let u(f) = -11*f**2 + 3*f - 2. Determine u(s).
-10
Let y be (-7)/(-49) + (-30)/(-35). Let s(z) = 86*z**2 - 264*z**2 - y + 88*z**2 + z + 94*z**2. What is s(1)?
4
Let q(o) = -29*o**2 + 49 + 30*o**2 + 12*o - 19 + 32. Calculate q(-8).
30
Let p(r) = 3*r + 5. Let j(m) = 1. Let b(k) = -2*j(k) - p(k). Let n = -18858 + 18853. What is b(n)?
8
Let y(d) = -31 + 33 - 19 + 11*d - 31 - 45. Determine y(8).
-5
Let j(r) = -3*r - 4*r**2 + 5*r + 4 + 3*r - 3*r**2. Let w(p) = -p**2 - p - 1. Let b(d) = j(d) + 4*w(d). What is b(-1)?
-12
Let l(x) = -x**2 - 19*x - 20. Let q(k) = k**2 + 65*k - 599. Let o be q(-73). Determine l(o).
40
Let o(l) = -2*l**3 - 2*l**2 + 6*l + 11. Let s = -39204 + 39208. What is o(s)?
-125
Let s be ((-30)/12)/(1/(-18)). Let g = s - 50. Let z(d) = -d - 1. Calculate z(g).
4
Suppose 0*h = -h - 2*h. Suppose 0 = 4*i - h + 4, -4*i = 4*f + 4. Suppose -t = 4*q + 4, f*q + q + 27 = 3*t. Let o(d) = -d**3 + 8*d**2 - 2*d - 2. Determine o(t).
-18
Let m(i) be the first derivative of -3*i**4/4 - 17*i**3/3 - 7*i**2 - 8*i + 982. Calculate m(-5).
12
Let w = 168 + -165. Let z(f) = -5 + f**w + 222*f - 216*f + 8*f**2 - 5. Give z(-7).
-3
Suppose -33*o = -432 + 36. Let z(f) = f**3 - 13*f**2 + 8*f + 43. Calculate z(o).
-5
Let i be (6/(-45) + 0)*(71 - 86). Let q(v) be the third derivative of -v**5/30 + v**4/6 + v**3/6 + 14*v**2. Determine q(i).
1
Let j = 311 + -309. Let m(s) = -s - 21*s**2 + 20*s**2 + 0*s**j - 1 - 15*s**3. Determine m(-1).
14
Suppose -50 = -4*p - 42. Let v(q) = -19 - 238*q**p + 239*q**2 + 18*q + q + 2. Determine v(-20).
3
Let b(f) be the second derivative of f**4/12 + 8*f**3/3 + 28*f**2 - 418*f. Calculate b(-6).
-4
Let v be (-33)/9 + 0 - (-2)/3. Let z(d) = 201*d + 203*d + 204*d - 606*d + d**2. Give z(v).
3
Suppose 12 = 5*y - n - 34, -54 = -9*y - 3*n. Let u(q) = q**2 - 5*q - 10. Let x(k) = -3*k**2 + 16*k + 29. Let b(h) = -8*u(h) - 3*x(h). Calculate b(y).
-7
Let b(s) = 2*s - 36. Let g be b(19). Let r(u) = 5*u - 7*u + g - 2 - 1. Let o(n) = -n - 4. Let d be o(2). Give r(d).
11
Let p(g) = g**2 - 7*g. Suppose -2*d = s + 3, -2*d - 23 = -3*s - 0*d. Suppose -s*a - 5*m = -45, -10 = -a - 11*m + 9*m. Determine p(a).
8
Let d(f) = 5*f + 4. Let q(s) = 12*s - 138. Let r be q(10). Let p be (r/8)/((-15)/(-40)). Determine d(p).
-26
Let u(v) = -v + 2. Let d be 48*-4*((-55)/(-10) - 6). Suppose -49*i + d = -46*i. Suppose 18*r + i = 22*r. Calculate u(r).
-6
Suppose -1537 - 483 = -42*s - 59*s. Let x(q) = 7*q - 144. Give x(s).
-4
Suppose 25*u - 27*u + 59 = -5*w, 0 = -u + 2. Let g(v) = v**2 + 11*v - 15. Calculate g(w).
-15
Suppose 23*p - 118 = 141 - 144. Let m(y) = 2*y - 5*y**2 + y**3 - 5 + 0*y**2 + 0*y**3 - 3*y. What is m(p)?
-10
Let n(d) = d**2 - 13*d + 20. Suppose -l - 1726 = -1729, 2*l = 5*f - 49. What is n(f)?
-2
Let m be 129 + 1*-8*(-2)/(-4). Let p = m - 116. Let b(i) = 7*i - 2 - 10*i + 0 + p*i. What is b(3)?
16
Let v(o) = -o**2 + 5*o + 1. Let x be v(4). Let k(w) = -2*w**3 - 29*w**2 + 16*w + 29. Let u be k(-15). Let d(h) = 2*h + h - x*h + u + h. Determine d(0).
14
Let d(t) be the second derivative of 9*t**3/2 - 13*t**2/2 - 1017*t. Determine d(3).
68
Let b be (4/8)/(2/(139 - 3)). Suppose 42*f + 56 = b*f. Let w(y) = -y**2 - 8*y - 10. Determine w(f).
-3
Let y(s) = -3*s**3 - 18*s**2 - 22*s - 152. Let x be y(-6). Let n(z) = -z**2 - 22*z + 16. Give n(x).
56
Let h(r) be the first derivative of 5*r**2 - 7*r + 67 + 1/4*r**4 - 3*r**3. Calculate h(8).
9
Suppose -5*f - 3*s + 6*s = 10, 5*s = -25. Let n(c) be the second derivative of c**5/20 + c**4/2 + 2*c**3/3 - c**2/2 - 57*c. Calculate n(f).
4
Let q be 27/(-3) - -8 - -2. Let t(l) = l**2 - 2*l + 2*l + 4*l**3 + 3*l - 4*l. Give t(q).
4
Let r(n) = -n**3 - 19*n**2 + 20*n - 34. Suppose -915*k - 2120 = -809*k. Calculate r(k).
-34
Let t(u) = 0 - 3*u + 66*u**2 + u + 6 - 65*u**2 - 2*u. Suppose -5*f + 67 + 8 = 0. Let z(m) = -m**2 + 16*m - 11. Let k be z(f). Calculate t(k).
6
Let d be (-2)/((-1*2)/2). Let o(m) = 2 + d - 2*m + m. Let u(z) = -10*z**3 - 728*z**2 + 146*z + 8. Let x be u(-73). Calculate o(x).
-4
Suppose -5*k - 67 = -0*k - 2*h, 4*h + 22 = -2*k. Let w(r) be the second derivative of -r**3/6 - 5*r**2 + 2*r. Determine w(k).
3
Let l(a) be the first derivative of a**4/12 - 4*a**3/3 - 4*a**2 + 18*a - 42. Let g(v) be the first derivative of l(v). Give g(7).
-15
Let a(k) be the first derivative of 0*k + 1/2*k**2 + 18. Let d be 2 - 2 - 1/(-2)*0. Calculate a(d).
0
Let l = 77 + -72. Let d(p) = p**2 + 4*p + 7. Let n(f) = 5*f**2 + 17*f + 28. Let x(q) = -9*d(q) + 2*n(q). Give x(l).
8
Let j(v) = v**2 - v + 1. Suppose 5*o = 3*y + 212, -4*y - 211 = -4*o - o. Let q = o + -36. Suppose 2*n - 12 = -2*m, q = 3*n + m - 3. What is j(n)?
3
Suppose 3*q = -2*x + 8*q - 17, -3*q = -5*x + 5. Let i(p) = 4 - 2 + x*p**3 - 3*p**3 + 4*p + 3*p**2. Let m(f) = -32*f + 222. Let w be m(7). Calculate i(w).
-2
Let q(x) = -x - 3. Let o(t) = t**3 + 12*t**2 + 6*t + 8. Let f be o(-4). Let p(h) = -72*h - 168. Let v(d) = f*q(d) - 2*p(d). Determine v(1).
32
Let b(t) = -8*t - 22. Let c(p) = 133*p + 364. Let n(k) = -84*b(k) - 5*c(k). Give n(-12).
-56
Let s(r) be the second derivative of r**3/6 - 119*r. Let t be (-2)/(0 + 4/(-6)). Suppose -6 = i - t*i. Give s(i).
3
Let h(n) = -n**2 + 5*n + 1. Let f be h(6). Suppose 0 = -27*z + 47 - 20. Let b(r) = -2*r + 5 - 2236*r**2 + z + 2235*r**2. Determine b(f).
-9
Let i(x) = -3*x**2 + 12*x - 3. Let t = -226 + 228. Let a(b) = -14*b**2 + 49*b - 14. Let g(v) = t*a(v) - 9*i(v). Give g(-9).
8
Suppose -51*j + 1155 = -120. Suppose -41 = j*d - 166. Let z(u) = -u**2 + 7*u - 9. Determine z(d).
1
Suppose -7*r - 4 = 2 + 1. Let w be ((-3)/6)/((-2)/4). Let i(u) = -3*u + u - 7*u - w. Calculate i(r).
8
Let l(o) = -36 + 35 + 1946*o - 1951*o. Let f(y) = 2*y - 11. Let k(u) = -u + 6. Let b(r) = -6*f(r) - 11*k(r). Let w be b(1). What is l(w)?
4
Let z(s) = -2*s**3 - 4*s**2 - 4. Let y = 61 + -59. Suppose 5*j + 18 = 3, y*c + 5*j = -15. Suppose p = -4*o - 13, -2*o + p - 5 + c = 0. Calculate z(o).
14
Let t(x) = -4*x**3 + 4*x**2 + 2*x - 5. Let y be t(-4). Let f(l) = -289 - l + 607 - y. What is f(8)?
3
Suppose -5*r + 5 = -d - 11, -r + 7 = -4*d. Let g(x) = 6*x + r - 551*x**2 - 558*x*